ivided by t.
1
Let z = 11 - -13. Calculate the remainder when 83 is divided by z.
11
Suppose 134 = 5*j + m, 5*j - 2*m - 50 = 72. Suppose -4*r + 39 - 11 = 0. What is the remainder when j is divided by r?
5
Let n(d) = 28*d + 84. Calculate the remainder when n(-2) is divided by 11.
6
Suppose -41 = -5*n - m, -2*n + 0*n + 20 = 4*m. Suppose -d - d = -10. Calculate the remainder when n is divided by d.
3
Suppose -4*t - 101 = 75. What is the remainder when t/(-2)*(3 + -1) is divided by (-5 - -4)*4*(-1 - 3)?
12
Suppose 7*q - 84 = 3*q. Let h(c) be the third derivative of -c**5/60 + 5*c**4/24 + 11*c**3/3 + 7*c**2. Calculate the remainder when q is divided by h(7).
5
Let m = 1064 - 1038. What is the remainder when 37 is divided by m?
11
Let c = -1524 + 1565. What is the remainder when 1638 is divided by c?
39
Let g be 2/(-3)*-3*(-95)/(-2). Suppose 40 = 2*x - 5*n, -4*n - 229 + g = -5*x. What is the remainder when x is divided by 8?
6
Suppose u + 1 - 3 = 0. Suppose u*v = o + 4*o - 48, -2*v = 5*o - 52. Suppose 84 = -6*s + o*s. What is the remainder when s is divided by 8?
5
Let x = 2728 + -2704. Suppose 0 = 2*j - 3*m - 38 - 158, 0 = 5*j - 4*m - 483. What is the remainder when j is divided by x?
23
What is the remainder when 494 is divided by (-2600)/(-48) - (-5)/6?
54
Let t(c) = 17*c**2 - c. Let r(b) = 4*b + 20. Let l be r(-6). What is the remainder when 115*(l - (-22)/5) is divided by t(1)?
14
Suppose -2*v + 5*u = -v - 13, 4*v - 27 = -5*u. Let z(d) = -d**2 + 10*d + 8. Calculate the remainder when z(v) is divided by 3*129/27 + 4/(-12).
10
Let g(x) = 8*x - 150. What is the remainder when g(34) is divided by 22?
12
Suppose 0 = -2*f - 4*i + 7 + 19, 0 = -4*f - 2*i + 28. Let p(z) = 2*z + 8. Let l be p(f). Suppose -5*s + l = -2*s. What is the remainder when 22 is divided by s?
4
Suppose 22*k + 14 = 652. What is the remainder when 86 is divided by k?
28
Let o = 14 + 17. Suppose 12*b = 11*b + o. Let s = b + -14. Calculate the remainder when s is divided by 9.
8
Let f = -3 + 1. Let g be f/7 - (-23)/7. Suppose g*y - 5*r - 298 = 0, -3*y + 0*y + 284 = 2*r. Calculate the remainder when y is divided by 33.
30
Let m(d) = 5*d**2 - 2*d + 2. Let c be (-2)/6 + 10/3. Suppose -r = 2*l - 3*l - 8, -9 = -2*r - 5*l. Calculate the remainder when m(c) is divided by r.
6
Suppose 5*j - 5*t - 140 = 0, -12*t - 44 = -2*j - 13*t. Calculate the remainder when ((-54)/j)/(3*3/(-120)) is divided by 18.
12
Let u = 46 - 22. Let g = u + -6. Suppose -5*n - 23 = -283. What is the remainder when n is divided by g?
16
Calculate the remainder when 170 is divided by -2 - (64/(-8) + -23).
25
Suppose 0 = -5*s - 5*k - 18 + 73, 7 = s + 5*k. Let p(d) = -d**3 - d**2 - 4*d - 6. What is the remainder when p(-4) is divided by s?
10
Suppose 0 = -5*d + 27 - 2. Let s be ((-6)/d)/(6/20). Let b = s + 15. What is the remainder when b is divided by 4?
3
Calculate the remainder when 612/15*(-50)/(-15) is divided by 11.
4
Suppose -82 = -10*p + 638. Calculate the remainder when 281 is divided by p.
65
Let g = -21 + 11. Let k = g - -14. Calculate the remainder when k is divided by 3.
1
Suppose -3*z - t + 40 = -2*t, 0 = -4*z + 3*t + 60. What is the remainder when 191 is divided by z?
11
Suppose -90 = 1579*g - 1582*g. Calculate the remainder when 513 is divided by g.
3
Suppose 65*h - 1695 = 60*h. What is the remainder when h is divided by 11?
9
Let w = -114 - -116. Let h(u) = u**2 + u + 7. Let l be h(0). Suppose -l*t = -w*t - 440. Calculate the remainder when t is divided by 30.
28
Suppose -y + 119 = 7*i - 2*i, -y - 25 = -i. Calculate the remainder when 143 is divided by i.
23
Suppose -205 = 10*l - 15*l. Let f = 1 + 8. Calculate the remainder when l is divided by f.
5
Suppose 5*h - 807 = -y, h - 50 = y + 109. Calculate the remainder when h is divided by 18.
17
Let y = 1106 - 1084. Calculate the remainder when 197 is divided by y.
21
Suppose 4*g + 36*g - 680 = 0. What is the remainder when 795 is divided by g?
13
Let p(g) = g**2 + 24*g + 148. Calculate the remainder when (-97)/(-4) - 1/4 is divided by p(-13).
4
Suppose x - 2 = -0*x. Suppose -x*t + 4 = -t. Suppose -2*b + 5*n + 89 = 0, t*n - n - 238 = -5*b. What is the remainder when b is divided by 12?
11
Suppose -2*o + x = 7, -4*o - 8 = -3*o - 2*x. Suppose 0 = 4*h - 3*r - 83, 4*h = 5*h + r - 12. Calculate the remainder when h is divided by o/7 - 333/(-63).
2
Suppose 3*i + 5*j - 20 = 0, -5*i - 4*j - 4 = -5*j. Suppose i*c - 10 = -c. What is the remainder when 57 is divided by c?
7
Let b be 0 + 3 - 1 - 0. Let u be -1 + (0 - (4 - 2)). Calculate the remainder when 14 is divided by (b + -3)/(u/15).
4
Let r = -434 - -816. Suppose -100 = 6*d - r. What is the remainder when 280 is divided by d?
45
Let k(o) = 107*o**2 + 2*o - 2. What is the remainder when k(1) is divided by 27?
26
Let r(c) = 18*c - 14. Let m be r(5). Suppose -m = 5*k - 121. What is the remainder when k is divided by 1/(-2)*(-1 - 9)?
4
Let u be (-9)/(-3)*(1 + (1 - 1)). Suppose -3*i - 4*z + u = -7*z, -5*i - 2*z = -40. Calculate the remainder when 17 is divided by i.
5
Suppose -4*r + 134 = 58. What is the remainder when 112 is divided by r?
17
Let n be (12/(-15))/(1/(-35)). Suppose -2*d = 4*f - d - n, 3*f - 4*d = 2. What is the remainder when f is divided by 3?
0
What is the remainder when (1331/(-44))/(7/(-84)) is divided by 13?
12
Suppose 0 = 3*v - 2*y - 3 - 7, -y = -v + 2. Let q = 48 + -46. Suppose -a - 4 = q*d, -19 = -a - 4*a + 3*d. What is the remainder when v is divided by a?
0
Suppose -14*f + 17*f = 9. Suppose -q = 2*q + f*s - 174, s - 306 = -5*q. What is the remainder when q is divided by 32?
30
Let s be (1 - -1)/((1 - -1)/(-4)). Suppose -c - 2*w + 27 = 2*w, 0 = 4*w - 20. Calculate the remainder when s/6 + (-20)/(-45)*42 is divided by c.
4
Let o(b) = -b**3 + 2*b**2 - 2*b + 3. Let h be o(2). Calculate the remainder when 4 + (h - 3) + 39 is divided by 8.
7
Suppose -9*b - 12 = -3*b. Let g be b/(-4) + 5/10. Let v = g + 12. What is the remainder when v is divided by 5?
3
Suppose -670 = -10*d + 80. What is the remainder when d is divided by 39?
36
Let z(g) = 87*g**2 + 3*g - 3. Let s be ((-1)/(-3))/((-10)/(-30)). Calculate the remainder when z(s) is divided by 18.
15
Suppose 6*z - z + 4*o = 23, -2*o + 4 = 0. Suppose -8*a - 3*r = -z*a - 5, 5*a + r - 15 = 0. Suppose 7*t = 3*t + 60. What is the remainder when t is divided by a?
3
What is the remainder when (-2665)/(-21) - 12/(-126) is divided by 64?
63
Suppose 0*a = 4*a + 364. Suppose -2*b = 125 - 29. Let l = b - a. Calculate the remainder when l is divided by 11.
10
Suppose 0 = 5*a - x - 2*x - 151, 3*a - 83 = -2*x. Calculate the remainder when 113 is divided by a.
26
Suppose -170 = -31*o + 78. Calculate the remainder when 45 is divided by o.
5
Let y(k) = k**2 - 10*k + 2. Let u be y(10). Suppose -i + u = -0. Suppose i*r = z - 36, r - 31 = -4*z + 140. What is the remainder when z is divided by 22?
20
Suppose 0 = 4*r - 3 - 17. Suppose -4*v + 2 = -t + 1, 5*v - 2*t = 2. Suppose 3*m - 33 + 6 = v. Calculate the remainder when m is divided by r.
4
Suppose -196 = -45*r + 31*r. What is the remainder when 67 is divided by r?
11
Let x = 710 + -537. Calculate the remainder when x is divided by 14.
5
Suppose 2*u - 48 = -u. Let y = -51 + 93. Let b = y + -36. What is the remainder when u is divided by b?
4
Let x = 10 - 10. Suppose 3*c = -4*p + p + 348, x = 4*p - 3*c - 443. Calculate the remainder when p is divided by 29.
26
Let m be 3 - 0 - (6/3 - 1). Suppose -t = -m*t + 4*a + 3, 5*t = -4*a + 87. Calculate the remainder when 36 is divided by t.
6
Let o = -2529 + 2677. What is the remainder when o is divided by 40?
28
Suppose 0 = 6*f - 20*f + 42. Let s = -51 + 52. Calculate the remainder when f is divided by s.
0
Let p be 3/12 - (-6)/8. Let w = p - -2. Suppose -w*r + 22 = -r - q, -q = -r + 9. Calculate the remainder when 37 is divided by r.
11
Let l(m) = -6*m - 1. Let u be l(7). Let h = 76 + u. Suppose t + h = 4*t. What is the remainder when t is divided by 3?
2
Let i(t) = t - 1. Let h be i(-5). Let o(x) = -x**3 - 7*x**2 - 7*x + 8. What is the remainder when 26 is divided by o(h)?
12
Let g(k) = -k**3 + 3*k**2 + 2*k + 3. Let p be g(4). What is the remainder when 155 is divided by (4 - 175/p)/((-6)/(-4))?
25
Let w = 18 - 18. Suppose -f - 3*f + 2*n + 68 = w, -5*n = -2*f + 26. What is the